59. Calculate the remainder when s is divided by 8.
4
Let w(c) be the third derivative of -c**6/120 + c**5/10 + 11*c**4/24 - 4*c**3/3 + 3*c**2. Calculate the remainder when w(7) is divided by 11.
9
Let u(j) = 2*j**2 - 2*j + 1. Let f be u(4). Let l = f + -10. Calculate the remainder when l is divided by 4.
3
Let a(m) = -30*m**2 + m + 1. Let x be a(-1). Let v = 47 + x. What is the remainder when 65 is divided by v?
14
Let y(k) = -12*k - 1. Let q be y(-1). Let s = -2 - -2. Let v = q + s. What is the remainder when 21 is divided by v?
10
Suppose -3*a = -a + 28. Let o be a/(-3) + (-2)/(-6). Suppose o*h = 24 + 41. Calculate the remainder when 37 is divided by h.
11
Let w(x) = x**2 - x + 8. Let i(c) = c**2. Let l be i(0). Suppose 0 = -h + 3*u + 24, 2*u - 129 = -5*h + 25. Calculate the remainder when h is divided by w(l).
6
Suppose q + 2*q = 51. Let d = -8 + q. Calculate the remainder when 24 is divided by d.
6
Suppose -36 = -5*o + 49. What is the remainder when 50 is divided by o?
16
Let d(l) = l**2 - 12*l - 9. Let v(q) = 2*q**2 - 9*q**2 - 8 - q**3 + 0*q**3. What is the remainder when v(-8) is divided by d(14)?
18
Suppose -7 = 4*g + 3*l, 5*g - 15 - 15 = 4*l. Suppose -x - 21 = 4*k, -4*x - 24 = -g*k + 6*k. What is the remainder when 16 is divided by ((-3)/x*6)/2?
7
Let q = 10 + -10. Suppose q = 3*g - 2*o - 53, o = -3*g - 2*o + 33. Suppose 0 = 5*n - 0*n - g. What is the remainder when n is divided by 1?
0
Let k(v) = -v**3 - v**2 - v - 8. Let z be k(0). Suppose 0 = l - 5*r - 12, -2*r - 4 - 2 = 0. What is the remainder when 5 is divided by z/(-12) - 10/l?
1
Let l = 13 - 28. Let z(w) = -4*w. Calculate the remainder when z(l) is divided by 16.
12
Suppose g = -3*g. Let k be 0/(-1 + (2 - g)). Suppose k = -w + 5 + 11. Calculate the remainder when w is divided by 9.
7
Let w(q) = -23*q + 2. Calculate the remainder when w(-1) is divided by 7.
4
Let n = 15 + -5. Calculate the remainder when n is divided by 0 + 1 - (-6)/2.
2
Suppose -4*h = -2*h - 8. Calculate the remainder when 28/h*7 + -4 is divided by 12.
9
Suppose -c = c - 168. Calculate the remainder when c is divided by 22.
18
Suppose -3*f + f = -14. Let p = -4 + f. Suppose u - p = -1. Calculate the remainder when u is divided by 2.
0
Let d(o) = o**2 + 12*o - 13. Let f be d(-13). What is the remainder when 50 is divided by 16 + f + (2 - 5)?
11
Let p(a) = 9*a**2 - a + 1. Let r(c) be the first derivative of 2*c**3/3 + 5*c**2/2 - 3. What is the remainder when r(-5) is divided by p(1)?
7
Suppose 3*x - 3*b = -b + 40, -3*x = 2*b - 44. Suppose 4*z - 152 = -3*c, 0*z + 5*z - 245 = -5*c. Let u = c + -18. What is the remainder when u is divided by x?
12
Let n(r) = -r**2 - 10*r - 17. Suppose -26 + 6 = -2*k. What is the remainder when k is divided by n(-7)?
2
Let r be (-12)/42 - (-9)/7. Let x(k) = -2*k**3 - 2*k + 1. Let p be x(r). Calculate the remainder when 19 is divided by (-20)/6*1*p.
9
Calculate the remainder when 77 is divided by (0 - -20)*1/5*5.
17
Suppose 4*p = -j - 3 - 0, 5*p = -5. Let r = j - -1. Let g = -3 + 5. Calculate the remainder when g is divided by r.
0
Let m = 62 + -8. Calculate the remainder when m is divided by 14.
12
Let l = 39 + -24. What is the remainder when 58 is divided by l?
13
Suppose 84 = -4*o + o. Let r = 47 + o. What is the remainder when 37 is divided by r?
18
Suppose 24 = -3*x + 5*x. Calculate the remainder when 45 is divided by x.
9
Let p(s) = -s**2 - 9*s. Calculate the remainder when (18/8)/((-7)/(-168)) is divided by p(-7).
12
Suppose 0*q + 5*q + 13 = -4*n, q + 5 = -2*n. Let u be q/(2/8*-1). Suppose 0*z - 3*z + 13 = w, -2*z = -u. Calculate the remainder when 12 is divided by w.
5
Let h(z) = 2*z - 2. Let y be h(2). Suppose y*a + 8 = 4*f - 30, -13 = -2*f + 3*a. Calculate the remainder when f is divided by ((-12)/(-10))/(6/20).
3
Suppose -44 = -2*k + 2*d, 5*k = d - 0*d + 130. Suppose -2*t + 6*t - x = k, 3*x + 17 = 4*t. What is the remainder when 21 is divided by t?
5
Let c = 2 - -3. Calculate the remainder when 7 is divided by c.
2
Let g = -31 + 124. Calculate the remainder when g is divided by 24.
21
Let l(z) be the first derivative of -z**2/2 - z + 6. Calculate the remainder when 18 is divided by l(-6).
3
Let g be (-4)/10*-5*1. Suppose 5*p - u + g = -3, -p = 2*u - 10. Suppose 0*l - 2*l + 16 = p. Calculate the remainder when 23 is divided by l.
7
Let r = 20 + -13. Suppose k + k = 3*n + 27, 3*k = n + 30. Let g = 4 + k. What is the remainder when g is divided by r?
6
Let i = -8 + 5. What is the remainder when 7*(2 + -1)*1 is divided by -1 - 4*(i + 2)?
1
Suppose 2*z - 3*m - 83 = 0, 2*m = -z + 37 + 8. Let f = 46 + -31. Calculate the remainder when z is divided by f.
13
Let m = 94 + -57. What is the remainder when m is divided by 11?
4
Let c(n) = n**3 - 4*n**2 - 4*n. Let v be c(5). Suppose 3*z - 21 = -3*o, -20 = -4*z - v*o + 3. What is the remainder when 35 is divided by z?
11
Let u be (-5)/2*12/(-10). Suppose -u*m - 9 = -4*m. What is the remainder when 33 is divided by m?
6
Suppose 0*o + 3*o = 36. Calculate the remainder when o is divided by 4.
0
Let o(s) = -s + 16. Suppose 3*n - 42 = 3*v, -n = 3*v - 5*n + 44. What is the remainder when o(v) is divided by 10?
8
Let z = 12 + 11. What is the remainder when 183 is divided by z?
22
Suppose 0 = 3*c + 3*y - 6, c + 3 = -3*y + 7. Calculate the remainder when c is divided by 1.
0
Let u = -11 + 16. Let g(x) = -x**3 + x**2 + x + 4. Let w be g(0). Suppose -5 = -q, -w*p - 3*q = -0*q - 51. What is the remainder when p is divided by u?
4
Suppose 2*c + 2*n = 42, 3*n - 1 = 8. What is the remainder when 35 is divided by c?
17
Suppose -9*v + 2*v = -1309. What is the remainder when v is divided by 47?
46
Calculate the remainder when 38 is divided by 4/2*(-2 - -7).
8
Suppose -o - o - 4*x = -6, -4 = -4*x. Let g be 4 + o/(3/(-6)). Suppose -10 = -g*r + r. What is the remainder when r is divided by 6?
4
Let d be -7 - (0 + 2/2). Let a = d + 11. Suppose 2*z + 5 + 2 = 5*q, -2*z - q + 11 = 0. Calculate the remainder when z is divided by a.
1
Suppose 0 = -2*n + 3*h + 22 + 14, -5*n = 4*h - 67. Calculate the remainder when n is divided by 6.
3
Suppose -15*p + 15 = -12*p. Calculate the remainder when p is divided by 3.
2
Suppose r - 2*i = 12, 0*r = 2*r + 5*i - 51. What is the remainder when 34 is divided by r?
16
Let u(m) = 31*m**3 - m. Suppose -l + 8 = 3*l. Suppose 0 = -l*i + 3*i - 1. What is the remainder when u(i) is divided by 16?
14
Suppose 0 = v - 8*v + 70. What is the remainder when 29 is divided by v?
9
Let a = 21 - 15. Let w = 2 + 9. Calculate the remainder when w is divided by a.
5
Let n(h) = -h**3 - 4*h**2 - 2*h - 5. Let l be n(-5). Suppose l = -3*u + 5*u. Calculate the remainder when 0 + -4 + 2 + 30 is divided by u.
13
Suppose -92 = 5*p + q - 282, 2*p - 76 = -2*q. Suppose 38 = 2*c + 4*j, 2*c = -3*j - 2*j + 41. Calculate the remainder when p is divided by c.
12
Let m = 8 + -4. Let x be ((-2)/m)/(3/(-6)). Let r = 2 + x. What is the remainder when 8 is divided by r?
2
Suppose -15 = 2*q - 49. What is the remainder when 62 is divided by q?
11
Suppose -2*n - p = 2*n - 87, n + 3*p - 8 = 0. What is the remainder when 66 is divided by n?
20
Let o = 143 + -14. Calculate the remainder when o is divided by 27.
21
Let p = -66 + 143. What is the remainder when p is divided by 26?
25
Suppose -3*s + 94 = 3*z - s, 0 = z + 4*s - 28. Calculate the remainder when z is divided by ((-102)/(-24))/((-1)/(-4)).
15
Suppose 0 = -u + 3*o + 22, -o - 4*o + 10 = 3*u. Calculate the remainder when 38 is divided by u.
8
Suppose 5*n + 2*r + 39 = 238, -5*n + r + 208 = 0. What is the remainder when n is divided by 14?
13
Let z = 27 + -20. Let n(l) = -6*l - 5. What is the remainder when n(-5) is divided by z?
4
Let q(l) be the third derivative of -l**5/60 + l**4/12 + l**3/3 - 2*l**2. What is the remainder when 5 is divided by q(2)?
1
Suppose 13*b = 12*b + 87. What is the remainder when b is divided by 46?
41
Let m(c) = -c**3 + 7*c**2 + 9*c - 2. Calculate the remainder when 22 is divided by m(8).
4
What is the remainder when 101 is divided by -1 - ((-1 - -5) + -27)?
13
Suppose -7*y = -3*y - 8, -4*y + 80 = -4*z. Let p = -10 - z. Calculate the remainder when 13 is divided by p.
5
Suppose -2*w + 13 = -w. What is the remainder when 23 is divided by w?
10
Let l = 36 - -25. Suppose 3*p + 5*o - 58 = 0, 